{"id":753,"date":"2019-11-07T03:23:04","date_gmt":"2019-11-07T03:23:04","guid":{"rendered":"http:\/\/wpdemo.archiwp.com\/onum\/?page_id=753"},"modified":"2023-07-26T17:11:13","modified_gmt":"2023-07-26T17:11:13","slug":"quienes-somos","status":"publish","type":"page","link":"https:\/\/phoenixtechsa.com\/index.php\/quienes-somos\/","title":{"rendered":"Qui\u00e9nes Somos"},"content":{"rendered":"\t\t<div data-elementor-type=\"wp-page\" data-elementor-id=\"753\" class=\"elementor elementor-753\" data-elementor-settings=\"[]\">\n\t\t\t\t\t\t\t<div class=\"elementor-section-wrap\">\n\t\t\t\t\t\t\t<section class=\"elementor-section elementor-top-section elementor-element elementor-element-588df14 elementor-section-content-middle elementor-section-boxed elementor-section-height-default elementor-section-height-default\" data-id=\"588df14\" data-element_type=\"section\">\n\t\t\t\t\t\t<div class=\"elementor-container elementor-column-gap-extended\">\n\t\t\t\t\t<div class=\"elementor-column elementor-col-50 elementor-top-column elementor-element elementor-element-de195c6 ot-flex-column-vertical\" data-id=\"de195c6\" data-element_type=\"column\">\n\t\t\t<div class=\"elementor-widget-wrap elementor-element-populated\">\n\t\t\t\t\t\t\t\t<div class=\"elementor-element elementor-element-7e57f00 elementor-widget elementor-widget-image\" data-id=\"7e57f00\" data-element_type=\"widget\" data-widget_type=\"image.default\">\n\t\t\t\t<div class=\"elementor-widget-container\">\n\t\t\t<style>\/*! elementor - v3.5.3 - 28-12-2021 *\/\n.elementor-widget-image{text-align:center}.elementor-widget-image a{display:inline-block}.elementor-widget-image a img[src$=\".svg\"]{width:48px}.elementor-widget-image img{vertical-align:middle;display:inline-block}<\/style>\t\t\t\t\t\t\t\t\t\t\t\t<img decoding=\"async\" width=\"951\" height=\"523\" src=\"https:\/\/phoenixtechsa.com\/wp-content\/uploads\/2020\/02\/image1-home6.png\" class=\"attachment-full size-full\" alt=\"\" srcset=\"https:\/\/phoenixtechsa.com\/wp-content\/uploads\/2020\/02\/image1-home6.png 951w, https:\/\/phoenixtechsa.com\/wp-content\/uploads\/2020\/02\/image1-home6-600x330.png 600w, https:\/\/phoenixtechsa.com\/wp-content\/uploads\/2020\/02\/image1-home6-300x165.png 300w, https:\/\/phoenixtechsa.com\/wp-content\/uploads\/2020\/02\/image1-home6-768x422.png 768w\" sizes=\"(max-width: 951px) 100vw, 951px\" \/>\t\t\t\t\t\t\t\t\t\t\t\t\t\t\t<\/div>\n\t\t\t\t<\/div>\n\t\t\t\t\t<\/div>\n\t\t<\/div>\n\t\t\t\t<div class=\"elementor-column elementor-col-50 elementor-top-column elementor-element elementor-element-233b0d2 ot-flex-column-vertical\" data-id=\"233b0d2\" data-element_type=\"column\">\n\t\t\t<div class=\"elementor-widget-wrap elementor-element-populated\">\n\t\t\t\t\t\t\t\t<div class=\"elementor-element elementor-element-fe5bc85 elementor-widget elementor-widget-iheading\" data-id=\"fe5bc85\" data-element_type=\"widget\" data-widget_type=\"iheading.default\">\n\t\t\t\t<div class=\"elementor-widget-container\">\n\t\t\t\t\t<div class=\"ot-heading left-align\">\r\n\t\t\t\r\n\t\t\t\t\r\n\r\n\t        \t            <h6 class=\"sub-heading\"><span>Qui\u00e9nes somos<\/span><\/h6>\r\n\t         \r\n\r\n\t        \t        \t<h2 class=\"main-heading\">Phoenix\nTech\nSA<\/h2>\r\n\t        \t    <\/div>\r\n\t    \t\t<\/div>\n\t\t\t\t<\/div>\n\t\t\t\t<div class=\"elementor-element elementor-element-e6e8b3f elementor-widget elementor-widget-text-editor\" data-id=\"e6e8b3f\" data-element_type=\"widget\" data-widget_type=\"text-editor.default\">\n\t\t\t\t<div class=\"elementor-widget-container\">\n\t\t\t<style>\/*! elementor - v3.5.3 - 28-12-2021 *\/\n.elementor-widget-text-editor.elementor-drop-cap-view-stacked .elementor-drop-cap{background-color:#818a91;color:#fff}.elementor-widget-text-editor.elementor-drop-cap-view-framed .elementor-drop-cap{color:#818a91;border:3px solid;background-color:transparent}.elementor-widget-text-editor:not(.elementor-drop-cap-view-default) .elementor-drop-cap{margin-top:8px}.elementor-widget-text-editor:not(.elementor-drop-cap-view-default) .elementor-drop-cap-letter{width:1em;height:1em}.elementor-widget-text-editor .elementor-drop-cap{float:left;text-align:center;line-height:1;font-size:50px}.elementor-widget-text-editor .elementor-drop-cap-letter{display:inline-block}<\/style>\t\t\t\t<div dir=\"auto\">Nace de un equipo de personas apasionadas por brindar un servicio excepcional y correcto en cuanto a lo que tecnolog\u00eda se refiere, con una amplia experiencia desde diferentes sentidos. Fue creada con la finalidad de ofrecer soluciones tecnol\u00f3gicas de calidad y excelencia en una din\u00e1mica direccionada por el an\u00e1lisis profundo de cada idea.<\/div><div dir=\"auto\">\u00a0<\/div><div dir=\"auto\">Somos una empresa dedicada a desarrollar soluciones tecnol\u00f3gicas y sistemas a medida, con el objetivo de ser la gu\u00eda t\u00e9cnica de todo tipo de empresas.<\/div>\t\t\t\t\t\t<\/div>\n\t\t\t\t<\/div>\n\t\t\t\t\t<\/div>\n\t\t<\/div>\n\t\t\t\t\t\t\t<\/div>\n\t\t<\/section>\n\t\t\t\t<section class=\"elementor-section elementor-top-section elementor-element elementor-element-d957b19 elementor-section-boxed elementor-section-height-default elementor-section-height-default\" data-id=\"d957b19\" data-element_type=\"section\">\n\t\t\t\t\t\t<div class=\"elementor-container elementor-column-gap-default\">\n\t\t\t\t\t<div class=\"elementor-column elementor-col-50 elementor-top-column elementor-element elementor-element-94c84fe ot-flex-column-vertical\" data-id=\"94c84fe\" data-element_type=\"column\">\n\t\t\t<div class=\"elementor-widget-wrap elementor-element-populated\">\n\t\t\t\t\t\t\t\t<div class=\"elementor-element elementor-element-0ab908d elementor-widget elementor-widget-iheading\" data-id=\"0ab908d\" data-element_type=\"widget\" data-widget_type=\"iheading.default\">\n\t\t\t\t<div class=\"elementor-widget-container\">\n\t\t\t\t\t<div class=\"ot-heading center-align\">\r\n\t\t\t\r\n\t\t\t\t\r\n\r\n\t        \t            <h2 class=\"sub-heading\"><span>Misi\u00f3n\u00a0<\/span><\/h2>\r\n\t         \r\n\r\n\t        \t        \t<p class=\"main-heading\">Ofrecer los mejores productos y servicios tecnol\u00f3gicos inform\u00e1ticos, para satisfacer las necesidades de cada uno de nuestros clientes de manera efectiva, eficaz y con el m\u00e1s\u00a0alto nivel de calidad, para posicionarnos en el mercado como referencia de calidad en la industria tecnol\u00f3gica.\u00a0\n<\/p>\r\n\t        \t    <\/div>\r\n\t    \t\t<\/div>\n\t\t\t\t<\/div>\n\t\t\t\t\t<\/div>\n\t\t<\/div>\n\t\t\t\t<div class=\"elementor-column elementor-col-50 elementor-top-column elementor-element elementor-element-a651add ot-flex-column-vertical\" data-id=\"a651add\" data-element_type=\"column\">\n\t\t\t<div class=\"elementor-widget-wrap elementor-element-populated\">\n\t\t\t\t\t\t\t\t<div class=\"elementor-element elementor-element-41df42f elementor-widget elementor-widget-iheading\" data-id=\"41df42f\" data-element_type=\"widget\" data-widget_type=\"iheading.default\">\n\t\t\t\t<div class=\"elementor-widget-container\">\n\t\t\t\t\t<div class=\"ot-heading center-align\">\r\n\t\t\t\r\n\t\t\t\t\r\n\r\n\t        \t            <h4 class=\"sub-heading\"><span>Visi\u00f3n<\/span><\/h4>\r\n\t         \r\n\r\n\t        \t        \t<p class=\"main-heading\">Crear un portafolio de soluciones, que incluyan una combinaci\u00f3n entre nuestros productos y productos provenientes de l\u00edderes tecnol\u00f3gicos globales, que unidos creemos una sinergia \u00fanica que nos permita ayudar a nuestros clientes a lograr sus objetivos. \u00a0<\/p>\r\n\t        \t    <\/div>\r\n\t    \t\t<\/div>\n\t\t\t\t<\/div>\n\t\t\t\t\t<\/div>\n\t\t<\/div>\n\t\t\t\t\t\t\t<\/div>\n\t\t<\/section>\n\t\t\t\t<section data-color=\"#fe4c1c,#00c3ff,#0160e7\" class=\"elementor-section elementor-top-section elementor-element elementor-element-d386179 particles-js elementor-section-boxed elementor-section-height-default elementor-section-height-default\" data-id=\"d386179\" data-element_type=\"section\" data-settings=\"{&quot;background_background&quot;:&quot;classic&quot;}\">\n\t\t\t\t\t\t<div class=\"elementor-container elementor-column-gap-default\">\n\t\t\t\t\t<div class=\"elementor-column elementor-col-100 elementor-top-column elementor-element elementor-element-469fdf5 ot-flex-column-vertical\" data-id=\"469fdf5\" data-element_type=\"column\">\n\t\t\t<div class=\"elementor-widget-wrap elementor-element-populated\">\n\t\t\t\t\t\t\t\t<section class=\"elementor-section elementor-inner-section elementor-element elementor-element-be054cf elementor-section-content-middle elementor-section-full_width elementor-section-height-default elementor-section-height-default\" data-id=\"be054cf\" data-element_type=\"section\">\n\t\t\t\t\t\t<div class=\"elementor-container elementor-column-gap-extended\">\n\t\t\t\t\t<div class=\"elementor-column elementor-col-50 elementor-inner-column elementor-element elementor-element-7bdcf7b ot-flex-column-vertical\" data-id=\"7bdcf7b\" data-element_type=\"column\">\n\t\t\t<div class=\"elementor-widget-wrap elementor-element-populated\">\n\t\t\t\t\t\t\t\t<div class=\"elementor-element elementor-element-5bea05c elementor-widget elementor-widget-iheading\" data-id=\"5bea05c\" data-element_type=\"widget\" data-widget_type=\"iheading.default\">\n\t\t\t\t<div class=\"elementor-widget-container\">\n\t\t\t\t\t<div class=\"ot-heading -align\">\r\n\t\t\t\r\n\t\t\t\t\r\n\r\n\t        \t            <h6 class=\"sub-heading\"><span>\u00bfPor qu\u00e9 elegirnos?<\/span><\/h6>\r\n\t         \r\n\r\n\t        \t    <\/div>\r\n\t    \t\t<\/div>\n\t\t\t\t<\/div>\n\t\t\t\t<div class=\"elementor-element elementor-element-f505a3a elementor-widget elementor-widget-text-editor\" data-id=\"f505a3a\" data-element_type=\"widget\" data-widget_type=\"text-editor.default\">\n\t\t\t\t<div class=\"elementor-widget-container\">\n\t\t\t\t\t\t\t<p>En<strong> Phoenix Tech,<\/strong> nos especializamos en la transformaci\u00f3n de los negocios a trav\u00e9s de soluciones tecnol\u00f3gicas para potenciar e incrementar la efectividad de los procesos.<\/p><p>Estamos comprometidos en crear soluciones tecnol\u00f3gicas para tu negocio enfocando nuestros esfuerzos en herramientas que te permitan optimizar tu manera de trabajar para obtener los mejores resultados.<\/p>\t\t\t\t\t\t<\/div>\n\t\t\t\t<\/div>\n\t\t\t\t\t<\/div>\n\t\t<\/div>\n\t\t\t\t<div class=\"elementor-column elementor-col-50 elementor-inner-column elementor-element elementor-element-125f3db ot-flex-column-vertical\" data-id=\"125f3db\" data-element_type=\"column\">\n\t\t\t<div class=\"elementor-widget-wrap elementor-element-populated\">\n\t\t\t\t\t\t\t\t<div class=\"elementor-element elementor-element-92bfa30 elementor-widget elementor-widget-image\" data-id=\"92bfa30\" data-element_type=\"widget\" data-widget_type=\"image.default\">\n\t\t\t\t<div class=\"elementor-widget-container\">\n\t\t\t\t\t\t\t\t\t\t\t\t\t\t\t<img decoding=\"async\" width=\"660\" height=\"617\" src=\"https:\/\/phoenixtechsa.com\/wp-content\/uploads\/2019\/11\/about-image2-1.png\" class=\"attachment-full size-full\" alt=\"\" srcset=\"https:\/\/phoenixtechsa.com\/wp-content\/uploads\/2019\/11\/about-image2-1.png 660w, https:\/\/phoenixtechsa.com\/wp-content\/uploads\/2019\/11\/about-image2-1-600x561.png 600w, https:\/\/phoenixtechsa.com\/wp-content\/uploads\/2019\/11\/about-image2-1-300x280.png 300w\" sizes=\"(max-width: 660px) 100vw, 660px\" \/>\t\t\t\t\t\t\t\t\t\t\t\t\t\t\t<\/div>\n\t\t\t\t<\/div>\n\t\t\t\t\t<\/div>\n\t\t<\/div>\n\t\t\t\t\t\t\t<\/div>\n\t\t<\/section>\n\t\t\t\t<section class=\"elementor-section elementor-inner-section elementor-element elementor-element-74c3f7a elementor-section-full_width elementor-section-height-default elementor-section-height-default\" data-id=\"74c3f7a\" data-element_type=\"section\">\n\t\t\t\t\t\t<div class=\"elementor-container elementor-column-gap-extended\">\n\t\t\t\t\t<div class=\"elementor-column elementor-col-50 elementor-inner-column elementor-element elementor-element-a43a2d2 ot-flex-column-vertical\" data-id=\"a43a2d2\" data-element_type=\"column\">\n\t\t\t<div class=\"elementor-widget-wrap elementor-element-populated\">\n\t\t\t\t\t\t\t\t<div class=\"elementor-element elementor-element-c21b8ab elementor-widget elementor-widget-iheading\" data-id=\"c21b8ab\" data-element_type=\"widget\" data-widget_type=\"iheading.default\">\n\t\t\t\t<div class=\"elementor-widget-container\">\n\t\t\t\t\t<div class=\"ot-heading left-align\">\r\n\t\t\t\r\n\t\t\t\t\r\n\r\n\t        \t            <h6 class=\"sub-heading\"><span>Equipo de profesionales<\/span><\/h6>\r\n\t         \r\n\r\n\t        \t        \t<h2 class=\"main-heading\">Conozca a nuestro equipo de liderazgo<\/h2>\r\n\t        \t    <\/div>\r\n\t    \t\t<\/div>\n\t\t\t\t<\/div>\n\t\t\t\t\t<\/div>\n\t\t<\/div>\n\t\t\t\t<div class=\"elementor-column elementor-col-50 elementor-inner-column elementor-element elementor-element-51c1ab0 ot-flex-column-vertical\" data-id=\"51c1ab0\" data-element_type=\"column\">\n\t\t\t<div class=\"elementor-widget-wrap\">\n\t\t\t\t\t\t\t\t\t<\/div>\n\t\t<\/div>\n\t\t\t\t\t\t\t<\/div>\n\t\t<\/section>\n\t\t\t\t<section class=\"elementor-section elementor-inner-section elementor-element elementor-element-85e05cb elementor-section-full_width elementor-section-height-default elementor-section-height-default\" data-id=\"85e05cb\" data-element_type=\"section\">\n\t\t\t\t\t\t<div class=\"elementor-container elementor-column-gap-extended\">\n\t\t\t\t\t<div class=\"elementor-column elementor-col-100 elementor-inner-column elementor-element elementor-element-5744f6a ot-flex-column-vertical\" data-id=\"5744f6a\" data-element_type=\"column\">\n\t\t\t<div class=\"elementor-widget-wrap elementor-element-populated\">\n\t\t\t\t\t\t\t\t<div class=\"elementor-element elementor-element-bb78500 elementor-widget elementor-widget-iteams\" data-id=\"bb78500\" data-element_type=\"widget\" data-widget_type=\"iteams.default\">\n\t\t\t\t<div class=\"elementor-widget-container\">\n\t\t\t\r\n\t\t<div class=\"team-slider\"  data-show=\"3\" data-scroll=\"1\" data-arrow=\"false\" data-dots=\"true\">\r\n\t\t\t\r\n\t\t\t<div class=\"team-wrap\">\r\n\t\t\t\t\t\t\t\t<div class=\"team-thumb\">\r\n\t\t\t\t\t\t\t\t\t\t<img decoding=\"async\" src=\"https:\/\/phoenixtechsa.com\/wp-content\/uploads\/2022\/04\/jesus-olivares-1.jpg\" alt=\"Jes\u00fas Olivares\">\r\n\t\t\t\t\t\t\t\t\t<\/div>\r\n\t\t\t\t\t\t\t\t<div class=\"team-info\">\r\n\t\t\t\t\t<h4>Jes\u00fas Olivares<\/h4>\r\n\t\t\t\t\t<span>CEO<\/span>\r\n\t\t\t\t\t\t\t\t\t<\/div>\r\n\t\t\t<\/div>\r\n\t        \r\n\t\t\t<div class=\"team-wrap\">\r\n\t\t\t\t\t\t\t\t<div class=\"team-thumb\">\r\n\t\t\t\t\t\t\t\t\t\t<img decoding=\"async\" src=\"https:\/\/phoenixtechsa.com\/wp-content\/uploads\/2022\/04\/pedro-munoz-1.jpg\" alt=\"Pedro Mu\u00f1oz\">\r\n\t\t\t\t\t\t\t\t\t<\/div>\r\n\t\t\t\t\t\t\t\t<div class=\"team-info\">\r\n\t\t\t\t\t<h4>Pedro Mu\u00f1oz<\/h4>\r\n\t\t\t\t\t<span>CMO<\/span>\r\n\t\t\t\t\t\t\t\t\t<\/div>\r\n\t\t\t<\/div>\r\n\t        \r\n\t\t\t<div class=\"team-wrap\">\r\n\t\t\t\t\t\t\t\t<div class=\"team-thumb\">\r\n\t\t\t\t\t\t\t\t\t\t<img decoding=\"async\" src=\"https:\/\/phoenixtechsa.com\/wp-content\/uploads\/2022\/04\/carlos-gomez-1.jpg\" alt=\"Carlos Gomez\">\r\n\t\t\t\t\t\t\t\t\t<\/div>\r\n\t\t\t\t\t\t\t\t<div class=\"team-info\">\r\n\t\t\t\t\t<h4>Carlos Gomez<\/h4>\r\n\t\t\t\t\t<span>CCO<\/span>\r\n\t\t\t\t\t\t\t\t\t<\/div>\r\n\t\t\t<\/div>\r\n\t        \r\n\t\t\t<div class=\"team-wrap\">\r\n\t\t\t\t\t\t\t\t<div class=\"team-thumb\">\r\n\t\t\t\t\t\t\t\t\t\t<img decoding=\"async\" src=\"https:\/\/phoenixtechsa.com\/wp-content\/uploads\/2022\/04\/francy-mata-1.jpg\" alt=\"Francys Mata\">\r\n\t\t\t\t\t\t\t\t\t<\/div>\r\n\t\t\t\t\t\t\t\t<div class=\"team-info\">\r\n\t\t\t\t\t<h4>Francys Mata<\/h4>\r\n\t\t\t\t\t<span>CTO<\/span>\r\n\t\t\t\t\t\t\t\t\t<\/div>\r\n\t\t\t<\/div>\r\n\t        \r\n\t\t\t<div class=\"team-wrap\">\r\n\t\t\t\t\t\t\t\t<div class=\"team-thumb\">\r\n\t\t\t\t\t\t\t\t\t\t<img decoding=\"async\" src=\"https:\/\/phoenixtechsa.com\/wp-content\/uploads\/2022\/04\/aneyelly-martinez-1.jpg\" alt=\"Aneyelly Martinez\">\r\n\t\t\t\t\t\t\t\t\t<\/div>\r\n\t\t\t\t\t\t\t\t<div class=\"team-info\">\r\n\t\t\t\t\t<h4>Aneyelly Martinez<\/h4>\r\n\t\t\t\t\t<span>Administradora<\/span>\r\n\t\t\t\t\t\t\t\t\t<\/div>\r\n\t\t\t<\/div>\r\n\t        \r\n\t\t\t<div class=\"team-wrap\">\r\n\t\t\t\t\t\t\t\t<div class=\"team-thumb\">\r\n\t\t\t\t\t\t\t\t\t\t<img decoding=\"async\" src=\"https:\/\/web.dev.phoenixtechsa.com\/wp-content\/uploads\/2022\/04\/raquel-vega-1.jpg\" alt=\"Raquel Vega\">\r\n\t\t\t\t\t\t\t\t\t<\/div>\r\n\t\t\t\t\t\t\t\t<div class=\"team-info\">\r\n\t\t\t\t\t<h4>Raquel Vega<\/h4>\r\n\t\t\t\t\t<span>RRHH y Admin<\/span>\r\n\t\t\t\t\t\t\t\t\t<\/div>\r\n\t\t\t<\/div>\r\n\t        \t\t<\/div>\r\n\t        \r\n\t    \t\t<\/div>\n\t\t\t\t<\/div>\n\t\t\t\t\t<\/div>\n\t\t<\/div>\n\t\t\t\t\t\t\t<\/div>\n\t\t<\/section>\n\t\t\t\t<section class=\"elementor-section elementor-inner-section elementor-element elementor-element-198603a elementor-section-full_width elementor-section-height-default elementor-section-height-default\" data-id=\"198603a\" data-element_type=\"section\">\n\t\t\t\t\t\t<div class=\"elementor-container elementor-column-gap-default\">\n\t\t\t\t\t<div class=\"elementor-column elementor-col-100 elementor-inner-column elementor-element elementor-element-1b1ce4b ot-flex-column-vertical\" data-id=\"1b1ce4b\" data-element_type=\"column\">\n\t\t\t<div class=\"elementor-widget-wrap elementor-element-populated\">\n\t\t\t\t\t\t\t\t<div class=\"elementor-element elementor-element-7618d6e partners elementor-widget elementor-widget-image-carousel\" data-id=\"7618d6e\" data-element_type=\"widget\" data-settings=\"{&quot;slides_to_show&quot;:&quot;6&quot;,&quot;slides_to_show_tablet&quot;:&quot;4&quot;,&quot;slides_to_show_mobile&quot;:&quot;2&quot;,&quot;navigation&quot;:&quot;none&quot;,&quot;image_spacing_custom&quot;:{&quot;unit&quot;:&quot;px&quot;,&quot;size&quot;:74,&quot;sizes&quot;:[]},&quot;autoplay&quot;:&quot;yes&quot;,&quot;pause_on_hover&quot;:&quot;yes&quot;,&quot;pause_on_interaction&quot;:&quot;yes&quot;,&quot;autoplay_speed&quot;:5000,&quot;infinite&quot;:&quot;yes&quot;,&quot;speed&quot;:500}\" data-widget_type=\"image-carousel.default\">\n\t\t\t\t<div class=\"elementor-widget-container\">\n\t\t\t<style>\/*! elementor - v3.5.3 - 28-12-2021 *\/\n.elementor-widget-image-carousel .swiper-container{position:static}.elementor-widget-image-carousel .swiper-container .swiper-slide figure{line-height:inherit}.elementor-widget-image-carousel .swiper-slide{text-align:center}.elementor-image-carousel-wrapper:not(.swiper-container-initialized) .swiper-slide{max-width:calc(100% \/ var(--e-image-carousel-slides-to-show, 3))}<\/style>\t\t<div class=\"elementor-image-carousel-wrapper swiper-container\" dir=\"ltr\">\n\t\t\t<div class=\"elementor-image-carousel swiper-wrapper\">\n\t\t\t\t\t\t\t\t<div class=\"swiper-slide\"><figure class=\"swiper-slide-inner\"><img decoding=\"async\" class=\"swiper-slide-image\" src=\"https:\/\/phoenixtechsa.com\/wp-content\/uploads\/2022\/04\/logo-header-tower-bank-e1649867675229.png\" alt=\"logo-header-tower-bank-e1649867675229\" \/><\/figure><\/div><div class=\"swiper-slide\"><figure class=\"swiper-slide-inner\"><img decoding=\"async\" class=\"swiper-slide-image\" src=\"https:\/\/phoenixtechsa.com\/wp-content\/uploads\/2022\/04\/logo-globalelite.png\" alt=\"logo-globalelite\" \/><\/figure><\/div><div class=\"swiper-slide\"><figure class=\"swiper-slide-inner\"><img decoding=\"async\" class=\"swiper-slide-image\" src=\"https:\/\/phoenixtechsa.com\/wp-content\/uploads\/2022\/04\/logo.png\" alt=\"logo\" \/><\/figure><\/div><div class=\"swiper-slide\"><figure class=\"swiper-slide-inner\"><img decoding=\"async\" class=\"swiper-slide-image\" src=\"https:\/\/phoenixtechsa.com\/wp-content\/uploads\/2022\/04\/Logo-original-sin-fondo.png\" alt=\"Logo-original-sin-fondo\" \/><\/figure><\/div><div class=\"swiper-slide\"><figure class=\"swiper-slide-inner\"><img decoding=\"async\" class=\"swiper-slide-image\" src=\"https:\/\/phoenixtechsa.com\/wp-content\/uploads\/2022\/04\/LOGO-EPA.png\" alt=\"LOGO-EPA\" \/><\/figure><\/div><div class=\"swiper-slide\"><figure class=\"swiper-slide-inner\"><img decoding=\"async\" class=\"swiper-slide-image\" src=\"https:\/\/phoenixtechsa.com\/wp-content\/uploads\/2022\/04\/RTIC-LOGO-AZUL.png\" alt=\"RTIC LOGO AZUL\" \/><\/figure><\/div>\t\t\t<\/div>\n\t\t\t\t\t\t\t\t\t\t\t\t\t\t\t\t<\/div>\n\t\t\t\t<\/div>\n\t\t\t\t<\/div>\n\t\t\t\t\t<\/div>\n\t\t<\/div>\n\t\t\t\t\t\t\t<\/div>\n\t\t<\/section>\n\t\t\t\t\t<\/div>\n\t\t<\/div>\n\t\t\t\t\t\t\t<\/div>\n\t\t<\/section>\n\t\t\t\t\t\t<\/div>\n\t\t\t\t\t<\/div>\n\t\t","protected":false},"excerpt":{"rendered":"<p>Qui\u00e9nes somos Phoenix Tech SA Nace de un equipo de personas apasionadas por brindar un servicio excepcional y correcto en cuanto a lo que tecnolog\u00eda se refiere, con una amplia experiencia desde diferentes sentidos. Fue creada con la finalidad de ofrecer soluciones tecnol\u00f3gicas de calidad y excelencia en una din\u00e1mica direccionada por el an\u00e1lisis profundo [&hellip;]<\/p>\n","protected":false},"author":1,"featured_media":0,"parent":0,"menu_order":0,"comment_status":"closed","ping_status":"closed","template":"","meta":{"_joinchat":[]},"_links":{"self":[{"href":"https:\/\/phoenixtechsa.com\/index.php\/wp-json\/wp\/v2\/pages\/753"}],"collection":[{"href":"https:\/\/phoenixtechsa.com\/index.php\/wp-json\/wp\/v2\/pages"}],"about":[{"href":"https:\/\/phoenixtechsa.com\/index.php\/wp-json\/wp\/v2\/types\/page"}],"author":[{"embeddable":true,"href":"https:\/\/phoenixtechsa.com\/index.php\/wp-json\/wp\/v2\/users\/1"}],"replies":[{"embeddable":true,"href":"https:\/\/phoenixtechsa.com\/index.php\/wp-json\/wp\/v2\/comments?post=753"}],"version-history":[{"count":3,"href":"https:\/\/phoenixtechsa.com\/index.php\/wp-json\/wp\/v2\/pages\/753\/revisions"}],"predecessor-version":[{"id":5423,"href":"https:\/\/phoenixtechsa.com\/index.php\/wp-json\/wp\/v2\/pages\/753\/revisions\/5423"}],"wp:attachment":[{"href":"https:\/\/phoenixtechsa.com\/index.php\/wp-json\/wp\/v2\/media?parent=753"}],"curies":[{"name":"wp","href":"https:\/\/api.w.org\/{rel}","templated":true}]}}